{"version":"1.0","provider_name":"Kreative R\u00e4ume Wien","provider_url":"https:\/\/www.kreativeraeumewien.at\/en\/","author_name":"kreative","author_url":"https:\/\/www.kreativeraeumewien.at\/en\/author\/admin\/","title":"Erweiterung: Creative Cluster Margareten (August 2020) - Kreative R\u00e4ume Wien","type":"rich","width":600,"height":338,"html":"<blockquote class=\"wp-embedded-content\" data-secret=\"6W6rZwhdAW\"><a href=\"https:\/\/www.kreativeraeumewien.at\/en\/news-en\/erweiterung-creative-cluster-margareten\/\">Erweiterung: Creative Cluster Margareten (August 2020)<\/a><\/blockquote><iframe sandbox=\"allow-scripts\" security=\"restricted\" src=\"https:\/\/www.kreativeraeumewien.at\/en\/news-en\/erweiterung-creative-cluster-margareten\/embed\/#?secret=6W6rZwhdAW\" width=\"600\" height=\"338\" title=\"&#8220;Erweiterung: Creative Cluster Margareten (August 2020)&#8221; &#8212; Kreative R\u00e4ume Wien\" data-secret=\"6W6rZwhdAW\" frameborder=\"0\" marginwidth=\"0\" marginheight=\"0\" scrolling=\"no\" class=\"wp-embedded-content\"><\/iframe><script type=\"text\/javascript\">\n\/* <![CDATA[ *\/\n\/*! This file is auto-generated *\/\n!function(d,l){\"use strict\";l.querySelector&&d.addEventListener&&\"undefined\"!=typeof URL&&(d.wp=d.wp||{},d.wp.receiveEmbedMessage||(d.wp.receiveEmbedMessage=function(e){var t=e.data;if((t||t.secret||t.message||t.value)&&!\/[^a-zA-Z0-9]\/.test(t.secret)){for(var s,r,n,a=l.querySelectorAll('iframe[data-secret=\"'+t.secret+'\"]'),o=l.querySelectorAll('blockquote[data-secret=\"'+t.secret+'\"]'),c=new RegExp(\"^https?:$\",\"i\"),i=0;i<o.length;i++)o[i].style.display=\"none\";for(i=0;i<a.length;i++)s=a[i],e.source===s.contentWindow&&(s.removeAttribute(\"style\"),\"height\"===t.message?(1e3<(r=parseInt(t.value,10))?r=1e3:~~r<200&&(r=200),s.height=r):\"link\"===t.message&&(r=new URL(s.getAttribute(\"src\")),n=new URL(t.value),c.test(n.protocol))&&n.host===r.host&&l.activeElement===s&&(d.top.location.href=t.value))}},d.addEventListener(\"message\",d.wp.receiveEmbedMessage,!1),l.addEventListener(\"DOMContentLoaded\",function(){for(var e,t,s=l.querySelectorAll(\"iframe.wp-embedded-content\"),r=0;r<s.length;r++)(t=(e=s[r]).getAttribute(\"data-secret\"))||(t=Math.random().toString(36).substring(2,12),e.src+=\"#?secret=\"+t,e.setAttribute(\"data-secret\",t)),e.contentWindow.postMessage({message:\"ready\",secret:t},\"*\")},!1)))}(window,document);\n\/* ]]> *\/\n<\/script>\n","thumbnail_url":"https:\/\/www.kreativeraeumewien.at\/wp-content\/uploads\/2020\/05\/Aussenansicht-CC-1050-Stefan-Brenner-mit-Credentials-968x1024.jpg","thumbnail_width":968,"thumbnail_height":1024,"description":"Raumsuchende aufgepasst! Es ist so weit: Mit Anfang August expandiert der Creative Cluster am Standort Margareten um einen weiteren Geb\u00e4udeteil. An zwei Terminen im Juni gibt es daher f\u00fcr Interessierte die M\u00f6glichkeit, die R\u00e4umlichkeiten zu besichtigen. Seit August letzten Jahres ist es Karim El Seroui und seinem Team gelungen, den Creative Cluster erfolgreich als Kreativbrutst\u00e4tte [&hellip;]"}

Kreative Räume Wien

Erweiterung: Creative Cluster Margareten (August 2020) - Kreative Räume Wien

<blockquote class="wp-embedded-content" data-secret="6W6rZwhdAW"><a href="https://www.kreativeraeumewien.at/en/news-en/erweiterung-creative-cluster-margareten/">Erweiterung: Creative Cluster Margareten (August 2020)</a></blockquote><iframe sandbox="allow-scripts" security="restricted" src="https://www.kreativeraeumewien.at/en/news-en/erweiterung-creative-cluster-margareten/embed/#?secret=6W6rZwhdAW" width="600" height="338" title="&#8220;Erweiterung: Creative Cluster Margareten (August 2020)&#8221; &#8212; Kreative Räume Wien" data-secret="6W6rZwhdAW" frameborder="0" marginwidth="0" marginheight="0" scrolling="no" class="wp-embedded-content"></iframe><script type="text/javascript">
/* <![CDATA[ */
/*! This file is auto-generated */
!function(d,l){"use strict";l.querySelector&&d.addEventListener&&"undefined"!=typeof URL&&(d.wp=d.wp||{},d.wp.receiveEmbedMessage||(d.wp.receiveEmbedMessage=function(e){var t=e.data;if((t||t.secret||t.message||t.value)&&!/[^a-zA-Z0-9]/.test(t.secret)){for(var s,r,n,a=l.querySelectorAll('iframe[data-secret="'+t.secret+'"]'),o=l.querySelectorAll('blockquote[data-secret="'+t.secret+'"]'),c=new RegExp("^https?:$","i"),i=0;i<o.length;i++)o[i].style.display="none";for(i=0;i<a.length;i++)s=a[i],e.source===s.contentWindow&&(s.removeAttribute("style"),"height"===t.message?(1e3<(r=parseInt(t.value,10))?r=1e3:~~r<200&&(r=200),s.height=r):"link"===t.message&&(r=new URL(s.getAttribute("src")),n=new URL(t.value),c.test(n.protocol))&&n.host===r.host&&l.activeElement===s&&(d.top.location.href=t.value))}},d.addEventListener("message",d.wp.receiveEmbedMessage,!1),l.addEventListener("DOMContentLoaded",function(){for(var e,t,s=l.querySelectorAll("iframe.wp-embedded-content"),r=0;r<s.length;r++)(t=(e=s[r]).getAttribute("data-secret"))||(t=Math.random().toString(36).substring(2,12),e.src+="#?secret="+t,e.setAttribute("data-secret",t)),e.contentWindow.postMessage({message:"ready",secret:t},"*")},!1)))}(window,document);
/* ]]> */
</script>

Raumsuchende aufgepasst! Es ist so weit: Mit Anfang August expandiert der Creative Cluster am Standort Margareten um einen weiteren Gebäudeteil. An zwei Terminen im Juni gibt es daher für Interessierte die Möglichkeit, die Räumlichkeiten zu besichtigen. Seit August letzten Jahres ist es Karim El Seroui und seinem Team gelungen, den Creative Cluster erfolgreich als Kreativbrutstätte [&hellip;]
