{"version":"1.0","provider_name":"Kreative R\u00e4ume Wien","provider_url":"https:\/\/www.kreativeraeumewien.at\/en\/","author_name":"kreative","author_url":"https:\/\/www.kreativeraeumewien.at\/en\/author\/admin\/","title":"Mit-Nutzer:innen gesucht: Kreativraum im 8. Bezirk - Kreative R\u00e4ume Wien","type":"rich","width":600,"height":338,"html":"<blockquote class=\"wp-embedded-content\" data-secret=\"pEFpTMZxpk\"><a href=\"https:\/\/www.kreativeraeumewien.at\/en\/news-en\/mit-nutzerinnen-gesucht\/\">Mit-Nutzer:innen gesucht: Kreativraum im 8. Bezirk<\/a><\/blockquote><iframe sandbox=\"allow-scripts\" security=\"restricted\" src=\"https:\/\/www.kreativeraeumewien.at\/en\/news-en\/mit-nutzerinnen-gesucht\/embed\/#?secret=pEFpTMZxpk\" width=\"600\" height=\"338\" title=\"&#8220;Mit-Nutzer:innen gesucht: Kreativraum im 8. Bezirk&#8221; &#8212; Kreative R\u00e4ume Wien\" data-secret=\"pEFpTMZxpk\" frameborder=\"0\" marginwidth=\"0\" marginheight=\"0\" scrolling=\"no\" class=\"wp-embedded-content\"><\/iframe><script type=\"text\/javascript\">\n\/* <![CDATA[ *\/\n\/*! This file is auto-generated *\/\n!function(d,l){\"use strict\";l.querySelector&&d.addEventListener&&\"undefined\"!=typeof URL&&(d.wp=d.wp||{},d.wp.receiveEmbedMessage||(d.wp.receiveEmbedMessage=function(e){var t=e.data;if((t||t.secret||t.message||t.value)&&!\/[^a-zA-Z0-9]\/.test(t.secret)){for(var s,r,n,a=l.querySelectorAll('iframe[data-secret=\"'+t.secret+'\"]'),o=l.querySelectorAll('blockquote[data-secret=\"'+t.secret+'\"]'),c=new RegExp(\"^https?:$\",\"i\"),i=0;i<o.length;i++)o[i].style.display=\"none\";for(i=0;i<a.length;i++)s=a[i],e.source===s.contentWindow&&(s.removeAttribute(\"style\"),\"height\"===t.message?(1e3<(r=parseInt(t.value,10))?r=1e3:~~r<200&&(r=200),s.height=r):\"link\"===t.message&&(r=new URL(s.getAttribute(\"src\")),n=new URL(t.value),c.test(n.protocol))&&n.host===r.host&&l.activeElement===s&&(d.top.location.href=t.value))}},d.addEventListener(\"message\",d.wp.receiveEmbedMessage,!1),l.addEventListener(\"DOMContentLoaded\",function(){for(var e,t,s=l.querySelectorAll(\"iframe.wp-embedded-content\"),r=0;r<s.length;r++)(t=(e=s[r]).getAttribute(\"data-secret\"))||(t=Math.random().toString(36).substring(2,12),e.src+=\"#?secret=\"+t,e.setAttribute(\"data-secret\",t)),e.contentWindow.postMessage({message:\"ready\",secret:t},\"*\")},!1)))}(window,document);\n\/* ]]> *\/\n<\/script>\n","thumbnail_url":"https:\/\/www.kreativeraeumewien.at\/wp-content\/uploads\/2026\/04\/keller_1080-1.png","thumbnail_width":1200,"thumbnail_height":772,"description":"29.04.2026 Am innenstadtnahen Ende der Josefst\u00e4dter Stra\u00dfe wird eine Kellerfl\u00e4che mit rund 100 m2 zu einem hybriden Kreativraum ausgebaut. Die R\u00e4ume mit ihren hohen Decken bieten vielf\u00e4ltige Nutzungsm\u00f6glichkeiten. Denkbar sind Ateliers, eine offene Werkstatt, ein Ausstellungsraum, oder auch ein Tonstudio. Au\u00dferdem soll es einen Gemeinschaftsbereich geben. Der Eigent\u00fcmer selbst will eine Teilfl\u00e4che als Atelier bzw. [&hellip;]"}

Kreative Räume Wien

Mit-Nutzer:innen gesucht: Kreativraum im 8. Bezirk - Kreative Räume Wien

<blockquote class="wp-embedded-content" data-secret="pEFpTMZxpk"><a href="https://www.kreativeraeumewien.at/en/news-en/mit-nutzerinnen-gesucht/">Mit-Nutzer:innen gesucht: Kreativraum im 8. Bezirk</a></blockquote><iframe sandbox="allow-scripts" security="restricted" src="https://www.kreativeraeumewien.at/en/news-en/mit-nutzerinnen-gesucht/embed/#?secret=pEFpTMZxpk" width="600" height="338" title="&#8220;Mit-Nutzer:innen gesucht: Kreativraum im 8. Bezirk&#8221; &#8212; Kreative Räume Wien" data-secret="pEFpTMZxpk" frameborder="0" marginwidth="0" marginheight="0" scrolling="no" class="wp-embedded-content"></iframe><script type="text/javascript">
/* <![CDATA[ */
/*! This file is auto-generated */
!function(d,l){"use strict";l.querySelector&&d.addEventListener&&"undefined"!=typeof URL&&(d.wp=d.wp||{},d.wp.receiveEmbedMessage||(d.wp.receiveEmbedMessage=function(e){var t=e.data;if((t||t.secret||t.message||t.value)&&!/[^a-zA-Z0-9]/.test(t.secret)){for(var s,r,n,a=l.querySelectorAll('iframe[data-secret="'+t.secret+'"]'),o=l.querySelectorAll('blockquote[data-secret="'+t.secret+'"]'),c=new RegExp("^https?:$","i"),i=0;i<o.length;i++)o[i].style.display="none";for(i=0;i<a.length;i++)s=a[i],e.source===s.contentWindow&&(s.removeAttribute("style"),"height"===t.message?(1e3<(r=parseInt(t.value,10))?r=1e3:~~r<200&&(r=200),s.height=r):"link"===t.message&&(r=new URL(s.getAttribute("src")),n=new URL(t.value),c.test(n.protocol))&&n.host===r.host&&l.activeElement===s&&(d.top.location.href=t.value))}},d.addEventListener("message",d.wp.receiveEmbedMessage,!1),l.addEventListener("DOMContentLoaded",function(){for(var e,t,s=l.querySelectorAll("iframe.wp-embedded-content"),r=0;r<s.length;r++)(t=(e=s[r]).getAttribute("data-secret"))||(t=Math.random().toString(36).substring(2,12),e.src+="#?secret="+t,e.setAttribute("data-secret",t)),e.contentWindow.postMessage({message:"ready",secret:t},"*")},!1)))}(window,document);
/* ]]> */
</script>

29.04.2026 Am innenstadtnahen Ende der Josefstädter Straße wird eine Kellerfläche mit rund 100 m2 zu einem hybriden Kreativraum ausgebaut. Die Räume mit ihren hohen Decken bieten vielfältige Nutzungsmöglichkeiten. Denkbar sind Ateliers, eine offene Werkstatt, ein Ausstellungsraum, oder auch ein Tonstudio. Außerdem soll es einen Gemeinschaftsbereich geben. Der Eigentümer selbst will eine Teilfläche als Atelier bzw. [&hellip;]
